{"id":120,"date":"2018-08-14T08:09:37","date_gmt":"2018-08-14T06:09:37","guid":{"rendered":"http:\/\/stadtundkunst.de\/?page_id=120"},"modified":"2021-05-16T12:00:12","modified_gmt":"2021-05-16T10:00:12","slug":"kultur-im-viertel-galerie","status":"publish","type":"page","link":"http:\/\/stadtundkunst.de\/?page_id=120","title":{"rendered":"Open Air Kurzfilmfest Galerie"},"content":{"rendered":"\t\t<div data-elementor-type=\"wp-page\" data-elementor-id=\"120\" class=\"elementor elementor-120\">\n\t\t\t\t\t\t\t\t\t<section class=\"elementor-section elementor-top-section elementor-element elementor-element-0628871 elementor-section-boxed elementor-section-height-default elementor-section-height-default\" data-id=\"0628871\" data-element_type=\"section\">\n\t\t\t\t\t\t<div class=\"elementor-container elementor-column-gap-default\">\n\t\t\t\t\t<div class=\"elementor-column elementor-col-100 elementor-top-column elementor-element elementor-element-adf37de\" data-id=\"adf37de\" data-element_type=\"column\">\n\t\t\t<div class=\"elementor-widget-wrap elementor-element-populated\">\n\t\t\t\t\t\t\t\t<div class=\"elementor-element elementor-element-3596913 elementor-widget elementor-widget-text-editor\" data-id=\"3596913\" data-element_type=\"widget\" data-widget_type=\"text-editor.default\">\n\t\t\t\t<div class=\"elementor-widget-container\">\n\t\t\t\t\t\t\t<p><strong><span style=\"font-size: 18pt;\">Der geschichtstr\u00e4chtige Ort<\/span><\/strong><br \/>Die Voelderndorffstra\u00dfe, nahe dem Scheidplatz.<br \/>Der verschattete Ort vor der mit Graffitis \u00fcberzogenen R\u00fcckwand des Willi Graf Gymnasiums an der Voelderndorffstra\u00dfe, den ein asphaltiertes Str\u00e4\u00dflein einbremst, schwingt sich gegen\u00fcber dem geteerten Fu\u00dfweg zum lichten H\u00fcgel auf. Luft- und Sonnenhungrige schauen auf dessem Gipfel \u00fcber den Stadtteil Schwabing West. Die Wanderer atmen auf den Tr\u00fcmmern ihrer zerst\u00f6rten Stadt.<\/p>\t\t\t\t\t\t<\/div>\n\t\t\t\t<\/div>\n\t\t\t\t\t<\/div>\n\t\t<\/div>\n\t\t\t\t\t\t\t<\/div>\n\t\t<\/section>\n\t\t\t\t<section class=\"elementor-section elementor-top-section elementor-element elementor-element-2189221 elementor-section-boxed elementor-section-height-default elementor-section-height-default\" data-id=\"2189221\" data-element_type=\"section\">\n\t\t\t\t\t\t<div class=\"elementor-container elementor-column-gap-default\">\n\t\t\t\t\t<div class=\"elementor-column elementor-col-100 elementor-top-column elementor-element elementor-element-f546481\" data-id=\"f546481\" data-element_type=\"column\">\n\t\t\t<div class=\"elementor-widget-wrap elementor-element-populated\">\n\t\t\t\t\t\t\t\t<div class=\"elementor-element elementor-element-02aac5a elementor-widget elementor-widget-image\" data-id=\"02aac5a\" data-element_type=\"widget\" data-widget_type=\"image.default\">\n\t\t\t\t<div class=\"elementor-widget-container\">\n\t\t\t\t\t\t\t\t\t\t\t\t\t\t\t<img width=\"702\" height=\"527\" src=\"http:\/\/stadtundkunst.de\/wp-content\/uploads\/2021\/05\/kurzfilm001-1024x768.png\" class=\"attachment-large size-large\" alt=\"\" loading=\"lazy\" srcset=\"http:\/\/stadtundkunst.de\/wp-content\/uploads\/2021\/05\/kurzfilm001-1024x768.png 1024w, http:\/\/stadtundkunst.de\/wp-content\/uploads\/2021\/05\/kurzfilm001-300x225.png 300w, http:\/\/stadtundkunst.de\/wp-content\/uploads\/2021\/05\/kurzfilm001-768x576.png 768w, http:\/\/stadtundkunst.de\/wp-content\/uploads\/2021\/05\/kurzfilm001-1536x1152.png 1536w, http:\/\/stadtundkunst.de\/wp-content\/uploads\/2021\/05\/kurzfilm001-2048x1536.png 2048w\" sizes=\"(max-width: 702px) 100vw, 702px\" \/>\t\t\t\t\t\t\t\t\t\t\t\t\t\t\t<\/div>\n\t\t\t\t<\/div>\n\t\t\t\t\t<\/div>\n\t\t<\/div>\n\t\t\t\t\t\t\t<\/div>\n\t\t<\/section>\n\t\t\t\t<section class=\"elementor-section elementor-top-section elementor-element elementor-element-ba4b15c elementor-section-boxed elementor-section-height-default elementor-section-height-default\" data-id=\"ba4b15c\" data-element_type=\"section\">\n\t\t\t\t\t\t<div class=\"elementor-container elementor-column-gap-default\">\n\t\t\t\t\t<div class=\"elementor-column elementor-col-100 elementor-top-column elementor-element elementor-element-b5d2bc6\" data-id=\"b5d2bc6\" data-element_type=\"column\">\n\t\t\t<div class=\"elementor-widget-wrap elementor-element-populated\">\n\t\t\t\t\t\t\t\t<div class=\"elementor-element elementor-element-1a8c602 elementor-widget elementor-widget-image\" data-id=\"1a8c602\" data-element_type=\"widget\" data-widget_type=\"image.default\">\n\t\t\t\t<div class=\"elementor-widget-container\">\n\t\t\t\t\t\t\t\t\t\t\t\t\t\t\t<img width=\"702\" height=\"936\" src=\"http:\/\/stadtundkunst.de\/wp-content\/uploads\/2021\/05\/kurzfilm002-768x1024.png\" class=\"attachment-large size-large\" alt=\"\" loading=\"lazy\" srcset=\"http:\/\/stadtundkunst.de\/wp-content\/uploads\/2021\/05\/kurzfilm002-768x1024.png 768w, http:\/\/stadtundkunst.de\/wp-content\/uploads\/2021\/05\/kurzfilm002-225x300.png 225w, http:\/\/stadtundkunst.de\/wp-content\/uploads\/2021\/05\/kurzfilm002-1152x1536.png 1152w, http:\/\/stadtundkunst.de\/wp-content\/uploads\/2021\/05\/kurzfilm002-1536x2048.png 1536w\" sizes=\"(max-width: 702px) 100vw, 702px\" \/>\t\t\t\t\t\t\t\t\t\t\t\t\t\t\t<\/div>\n\t\t\t\t<\/div>\n\t\t\t\t\t<\/div>\n\t\t<\/div>\n\t\t\t\t\t\t\t<\/div>\n\t\t<\/section>\n\t\t\t\t<section class=\"elementor-section elementor-top-section elementor-element elementor-element-02e9a11 elementor-section-boxed elementor-section-height-default elementor-section-height-default\" data-id=\"02e9a11\" data-element_type=\"section\">\n\t\t\t\t\t\t<div class=\"elementor-container elementor-column-gap-default\">\n\t\t\t\t\t<div class=\"elementor-column elementor-col-100 elementor-top-column elementor-element elementor-element-72bb973\" data-id=\"72bb973\" data-element_type=\"column\">\n\t\t\t<div class=\"elementor-widget-wrap elementor-element-populated\">\n\t\t\t\t\t\t\t\t<div class=\"elementor-element elementor-element-ea76493 elementor-widget elementor-widget-text-editor\" data-id=\"ea76493\" data-element_type=\"widget\" data-widget_type=\"text-editor.default\">\n\t\t\t\t<div class=\"elementor-widget-container\">\n\t\t\t\t\t\t\t<p><strong><span style=\"font-size: 18pt;\">Der Gr\u00fcnwaldpark<\/span><\/strong><br \/>Abstand, schreit die Gesundheit, schreit die Politik, fordern die Virologen. In den Anlagen d\u00fcrfen wir uns auf Abstand bewegen und miteinander sprechen und ansehen. N\u00e4he und Abstand wurden in der Menschheitsgeschichte stets neu verhandelt. Im 17. Jahrhundert regelte die Obrigkeit mit der Kleiderordnung N\u00e4he und Abstand. Im 18. Jahrhundert tr\u00e4umten die Romantiker von N\u00e4he und Intimit\u00e4t. Die Idee von Individualit\u00e4t wurde k\u00fcnstlerisch ausgetragen. Im 19. Jahrhundert trug man Maske im \u00f6ffentlichen Raum. H\u00f6flichkeit, Distanciertheit, Kosmoplitismus waren angesagt. Im Industriezeitalter entstand N\u00e4he aus Not. Heute laden wir das Privateste ins Interent, m\u00f6chten aber nicht mit der Gro\u00dffamilie in einem Raum schlafen. Der Apell zu social Distancing kommt in einem Moment, in dem wir uns n\u00e4her sind denn je. Wir schaufeln unser Privatestes ins Netzwerk. Zur selben Zeit diagnostizieren SoziologInnen und PsychologInnen den Niedergang tragf\u00e4higer Beziehungen. Die technische N\u00e4he h\u00f6hlt das zwischenmenschliche Vertrauen aus.<\/p>\t\t\t\t\t\t<\/div>\n\t\t\t\t<\/div>\n\t\t\t\t\t<\/div>\n\t\t<\/div>\n\t\t\t\t\t\t\t<\/div>\n\t\t<\/section>\n\t\t\t\t<section class=\"elementor-section elementor-top-section elementor-element elementor-element-d094ee5 elementor-section-boxed elementor-section-height-default elementor-section-height-default\" data-id=\"d094ee5\" data-element_type=\"section\">\n\t\t\t\t\t\t<div class=\"elementor-container elementor-column-gap-default\">\n\t\t\t\t\t<div class=\"elementor-column elementor-col-100 elementor-top-column elementor-element elementor-element-bf5dce5\" data-id=\"bf5dce5\" data-element_type=\"column\">\n\t\t\t<div class=\"elementor-widget-wrap elementor-element-populated\">\n\t\t\t\t\t\t\t\t<div class=\"elementor-element elementor-element-ee47730 elementor-widget elementor-widget-image\" data-id=\"ee47730\" data-element_type=\"widget\" data-widget_type=\"image.default\">\n\t\t\t\t<div class=\"elementor-widget-container\">\n\t\t\t\t\t\t\t\t\t\t\t\t\t\t\t<img width=\"702\" height=\"936\" src=\"http:\/\/stadtundkunst.de\/wp-content\/uploads\/2021\/05\/kurzfilm003-768x1024.png\" class=\"attachment-large size-large\" alt=\"\" loading=\"lazy\" srcset=\"http:\/\/stadtundkunst.de\/wp-content\/uploads\/2021\/05\/kurzfilm003-768x1024.png 768w, http:\/\/stadtundkunst.de\/wp-content\/uploads\/2021\/05\/kurzfilm003-225x300.png 225w, http:\/\/stadtundkunst.de\/wp-content\/uploads\/2021\/05\/kurzfilm003-1152x1536.png 1152w, http:\/\/stadtundkunst.de\/wp-content\/uploads\/2021\/05\/kurzfilm003-1536x2048.png 1536w\" sizes=\"(max-width: 702px) 100vw, 702px\" \/>\t\t\t\t\t\t\t\t\t\t\t\t\t\t\t<\/div>\n\t\t\t\t<\/div>\n\t\t\t\t\t<\/div>\n\t\t<\/div>\n\t\t\t\t\t\t\t<\/div>\n\t\t<\/section>\n\t\t\t\t\t\t\t<\/div>\n\t\t","protected":false},"excerpt":{"rendered":"<p>Der geschichtstr\u00e4chtige OrtDie Voelderndorffstra\u00dfe, nahe dem Scheidplatz.Der verschattete Ort vor der mit Graffitis \u00fcberzogenen R\u00fcckwand des Willi Graf Gymnasiums an der Voelderndorffstra\u00dfe, den ein asphaltiertes Str\u00e4\u00dflein einbremst, schwingt sich gegen\u00fcber dem geteerten Fu\u00dfweg zum lichten H\u00fcgel auf. Luft- und Sonnenhungrige schauen auf dessem Gipfel \u00fcber den Stadtteil Schwabing West. Die Wanderer atmen auf den Tr\u00fcmmern [&hellip;]<\/p>\n","protected":false},"author":1,"featured_media":0,"parent":0,"menu_order":0,"comment_status":"closed","ping_status":"closed","template":"","meta":{"ngg_post_thumbnail":0},"_links":{"self":[{"href":"http:\/\/stadtundkunst.de\/index.php?rest_route=\/wp\/v2\/pages\/120"}],"collection":[{"href":"http:\/\/stadtundkunst.de\/index.php?rest_route=\/wp\/v2\/pages"}],"about":[{"href":"http:\/\/stadtundkunst.de\/index.php?rest_route=\/wp\/v2\/types\/page"}],"author":[{"embeddable":true,"href":"http:\/\/stadtundkunst.de\/index.php?rest_route=\/wp\/v2\/users\/1"}],"replies":[{"embeddable":true,"href":"http:\/\/stadtundkunst.de\/index.php?rest_route=%2Fwp%2Fv2%2Fcomments&post=120"}],"version-history":[{"count":20,"href":"http:\/\/stadtundkunst.de\/index.php?rest_route=\/wp\/v2\/pages\/120\/revisions"}],"predecessor-version":[{"id":546,"href":"http:\/\/stadtundkunst.de\/index.php?rest_route=\/wp\/v2\/pages\/120\/revisions\/546"}],"wp:attachment":[{"href":"http:\/\/stadtundkunst.de\/index.php?rest_route=%2Fwp%2Fv2%2Fmedia&parent=120"}],"curies":[{"name":"wp","href":"https:\/\/api.w.org\/{rel}","templated":true}]}}

<div data-elementor-type="wp-page" data-elementor-id="120" class="elementor elementor-120">
									<section class="elementor-section elementor-top-section elementor-element elementor-element-0628871 elementor-section-boxed elementor-section-height-default elementor-section-height-default" data-id="0628871" data-element_type="section">
						<div class="elementor-container elementor-column-gap-default">
					<div class="elementor-column elementor-col-100 elementor-top-column elementor-element elementor-element-adf37de" data-id="adf37de" data-element_type="column">
			<div class="elementor-widget-wrap elementor-element-populated">
								<div class="elementor-element elementor-element-3596913 elementor-widget elementor-widget-text-editor" data-id="3596913" data-element_type="widget" data-widget_type="text-editor.default">
				<div class="elementor-widget-container">
							<p><strong><span style="font-size: 18pt;">Der geschichtsträchtige Ort</span></strong><br />Die Voelderndorffstraße, nahe dem Scheidplatz.<br />Der verschattete Ort vor der mit Graffitis überzogenen Rückwand des Willi Graf Gymnasiums an der Voelderndorffstraße, den ein asphaltiertes Sträßlein einbremst, schwingt sich gegenüber dem geteerten Fußweg zum lichten Hügel auf. Luft- und Sonnenhungrige schauen auf dessem Gipfel über den Stadtteil Schwabing West. Die Wanderer atmen auf den Trümmern ihrer zerstörten Stadt.</p>						</div>
				</div>
					</div>
		</div>
							</div>
		</section>
				<section class="elementor-section elementor-top-section elementor-element elementor-element-2189221 elementor-section-boxed elementor-section-height-default elementor-section-height-default" data-id="2189221" data-element_type="section">
						<div class="elementor-container elementor-column-gap-default">
					<div class="elementor-column elementor-col-100 elementor-top-column elementor-element elementor-element-f546481" data-id="f546481" data-element_type="column">
			<div class="elementor-widget-wrap elementor-element-populated">
								<div class="elementor-element elementor-element-02aac5a elementor-widget elementor-widget-image" data-id="02aac5a" data-element_type="widget" data-widget_type="image.default">
				<div class="elementor-widget-container">
															<img width="702" height="527" src="http://stadtundkunst.de/wp-content/uploads/2021/05/kurzfilm001-1024x768.png" class="attachment-large size-large" alt="" loading="lazy" srcset="http://stadtundkunst.de/wp-content/uploads/2021/05/kurzfilm001-1024x768.png 1024w, http://stadtundkunst.de/wp-content/uploads/2021/05/kurzfilm001-300x225.png 300w, http://stadtundkunst.de/wp-content/uploads/2021/05/kurzfilm001-768x576.png 768w, http://stadtundkunst.de/wp-content/uploads/2021/05/kurzfilm001-1536x1152.png 1536w, http://stadtundkunst.de/wp-content/uploads/2021/05/kurzfilm001-2048x1536.png 2048w" sizes="(max-width: 702px) 100vw, 702px" />															</div>
				</div>
					</div>
		</div>
							</div>
		</section>
				<section class="elementor-section elementor-top-section elementor-element elementor-element-ba4b15c elementor-section-boxed elementor-section-height-default elementor-section-height-default" data-id="ba4b15c" data-element_type="section">
						<div class="elementor-container elementor-column-gap-default">
					<div class="elementor-column elementor-col-100 elementor-top-column elementor-element elementor-element-b5d2bc6" data-id="b5d2bc6" data-element_type="column">
			<div class="elementor-widget-wrap elementor-element-populated">
								<div class="elementor-element elementor-element-1a8c602 elementor-widget elementor-widget-image" data-id="1a8c602" data-element_type="widget" data-widget_type="image.default">
				<div class="elementor-widget-container">
															<img width="702" height="936" src="http://stadtundkunst.de/wp-content/uploads/2021/05/kurzfilm002-768x1024.png" class="attachment-large size-large" alt="" loading="lazy" srcset="http://stadtundkunst.de/wp-content/uploads/2021/05/kurzfilm002-768x1024.png 768w, http://stadtundkunst.de/wp-content/uploads/2021/05/kurzfilm002-225x300.png 225w, http://stadtundkunst.de/wp-content/uploads/2021/05/kurzfilm002-1152x1536.png 1152w, http://stadtundkunst.de/wp-content/uploads/2021/05/kurzfilm002-1536x2048.png 1536w" sizes="(max-width: 702px) 100vw, 702px" />															</div>
				</div>
					</div>
		</div>
							</div>
		</section>
				<section class="elementor-section elementor-top-section elementor-element elementor-element-02e9a11 elementor-section-boxed elementor-section-height-default elementor-section-height-default" data-id="02e9a11" data-element_type="section">
						<div class="elementor-container elementor-column-gap-default">
					<div class="elementor-column elementor-col-100 elementor-top-column elementor-element elementor-element-72bb973" data-id="72bb973" data-element_type="column">
			<div class="elementor-widget-wrap elementor-element-populated">
								<div class="elementor-element elementor-element-ea76493 elementor-widget elementor-widget-text-editor" data-id="ea76493" data-element_type="widget" data-widget_type="text-editor.default">
				<div class="elementor-widget-container">
							<p><strong><span style="font-size: 18pt;">Der Grünwaldpark</span></strong><br />Abstand, schreit die Gesundheit, schreit die Politik, fordern die Virologen. In den Anlagen dürfen wir uns auf Abstand bewegen und miteinander sprechen und ansehen. Nähe und Abstand wurden in der Menschheitsgeschichte stets neu verhandelt. Im 17. Jahrhundert regelte die Obrigkeit mit der Kleiderordnung Nähe und Abstand. Im 18. Jahrhundert träumten die Romantiker von Nähe und Intimität. Die Idee von Individualität wurde künstlerisch ausgetragen. Im 19. Jahrhundert trug man Maske im öffentlichen Raum. Höflichkeit, Distanciertheit, Kosmoplitismus waren angesagt. Im Industriezeitalter entstand Nähe aus Not. Heute laden wir das Privateste ins Interent, möchten aber nicht mit der Großfamilie in einem Raum schlafen. Der Apell zu social Distancing kommt in einem Moment, in dem wir uns näher sind denn je. Wir schaufeln unser Privatestes ins Netzwerk. Zur selben Zeit diagnostizieren SoziologInnen und PsychologInnen den Niedergang tragfähiger Beziehungen. Die technische Nähe höhlt das zwischenmenschliche Vertrauen aus.</p>						</div>
				</div>
					</div>
		</div>
							</div>
		</section>
				<section class="elementor-section elementor-top-section elementor-element elementor-element-d094ee5 elementor-section-boxed elementor-section-height-default elementor-section-height-default" data-id="d094ee5" data-element_type="section">
						<div class="elementor-container elementor-column-gap-default">
					<div class="elementor-column elementor-col-100 elementor-top-column elementor-element elementor-element-bf5dce5" data-id="bf5dce5" data-element_type="column">
			<div class="elementor-widget-wrap elementor-element-populated">
								<div class="elementor-element elementor-element-ee47730 elementor-widget elementor-widget-image" data-id="ee47730" data-element_type="widget" data-widget_type="image.default">
				<div class="elementor-widget-container">
															<img width="702" height="936" src="http://stadtundkunst.de/wp-content/uploads/2021/05/kurzfilm003-768x1024.png" class="attachment-large size-large" alt="" loading="lazy" srcset="http://stadtundkunst.de/wp-content/uploads/2021/05/kurzfilm003-768x1024.png 768w, http://stadtundkunst.de/wp-content/uploads/2021/05/kurzfilm003-225x300.png 225w, http://stadtundkunst.de/wp-content/uploads/2021/05/kurzfilm003-1152x1536.png 1152w, http://stadtundkunst.de/wp-content/uploads/2021/05/kurzfilm003-1536x2048.png 1536w" sizes="(max-width: 702px) 100vw, 702px" />															</div>
				</div>
					</div>
		</div>
							</div>
		</section>
							</div>

<p>Der geschichtsträchtige OrtDie Voelderndorffstraße, nahe dem Scheidplatz.Der verschattete Ort vor der mit Graffitis überzogenen Rückwand des Willi Graf Gymnasiums an der Voelderndorffstraße, den ein asphaltiertes Sträßlein einbremst, schwingt sich gegenüber dem geteerten Fußweg zum lichten Hügel auf. Luft- und Sonnenhungrige schauen auf dessem Gipfel über den Stadtteil Schwabing West. Die Wanderer atmen auf den Trümmern [&hellip;]</p>
