{"id":70,"date":"2018-08-13T16:06:43","date_gmt":"2018-08-13T14:06:43","guid":{"rendered":"http:\/\/stadtundkunst.de\/?page_id=70"},"modified":"2021-05-16T12:58:40","modified_gmt":"2021-05-16T10:58:40","slug":"betonfilm","status":"publish","type":"page","link":"http:\/\/stadtundkunst.de\/?page_id=70","title":{"rendered":"FilmBeton"},"content":{"rendered":"\t\t<div data-elementor-type=\"wp-page\" data-elementor-id=\"70\" class=\"elementor elementor-70\">\n\t\t\t\t\t\t\t\t\t<section class=\"elementor-section elementor-top-section elementor-element elementor-element-c98a967 elementor-section-boxed elementor-section-height-default elementor-section-height-default\" data-id=\"c98a967\" data-element_type=\"section\">\n\t\t\t\t\t\t<div class=\"elementor-container elementor-column-gap-default\">\n\t\t\t\t\t<div class=\"elementor-column elementor-col-100 elementor-top-column elementor-element elementor-element-77c056f\" data-id=\"77c056f\" data-element_type=\"column\">\n\t\t\t<div class=\"elementor-widget-wrap elementor-element-populated\">\n\t\t\t\t\t\t\t\t<div class=\"elementor-element elementor-element-a50cfe3 elementor-widget elementor-widget-text-editor\" data-id=\"a50cfe3\" data-element_type=\"widget\" data-widget_type=\"text-editor.default\">\n\t\t\t\t<div class=\"elementor-widget-container\">\n\t\t\t\t\t\t\t<p>Die Arge FilmBeton ist ein loser Zusammenschluss von K\u00fcnstlerInnen und<br \/>Kunstintressierten, die je nach Projekt in wechselnder Zusammensetzung agieren. F\u00fcr das Kurzfilmfest arbeiten K\u00fcnstlerInnen aus der darstellenden und gestaltenden Kunst.<\/p>\t\t\t\t\t\t<\/div>\n\t\t\t\t<\/div>\n\t\t\t\t\t<\/div>\n\t\t<\/div>\n\t\t\t\t\t\t\t<\/div>\n\t\t<\/section>\n\t\t\t\t<section class=\"elementor-section elementor-top-section elementor-element elementor-element-931b4f3 elementor-section-boxed elementor-section-height-default elementor-section-height-default\" data-id=\"931b4f3\" data-element_type=\"section\">\n\t\t\t\t\t\t<div class=\"elementor-container elementor-column-gap-default\">\n\t\t\t\t\t<div class=\"elementor-column elementor-col-100 elementor-top-column elementor-element elementor-element-6f5ce3f\" data-id=\"6f5ce3f\" data-element_type=\"column\">\n\t\t\t<div class=\"elementor-widget-wrap elementor-element-populated\">\n\t\t\t\t\t\t\t\t<div class=\"elementor-element elementor-element-0adb83e elementor-widget elementor-widget-text-editor\" data-id=\"0adb83e\" data-element_type=\"widget\" data-widget_type=\"text-editor.default\">\n\t\t\t\t<div class=\"elementor-widget-container\">\n\t\t\t\t\t\t\t<p>Der Regisseur N.G.Neuner fahnden in den Stadtvierteln M\u00fcnchens nach den l\u00e4ngst verschwundenen Tretmienen, den unliebsamen Hinterlassenschaften, die in den B\u00fcrgerh\u00e4usern oft ungebeten Eintritt finden. Bekannte und unbekannte Bauwerke stiften f\u00fcr die Filme die Projektionsfl\u00e4chen. Der Stadtteil wird erkundet und in den Kurzfilmen in eine Beziehung zur Stadt M\u00fcnchen gebracht. Ein starkes Format, das die Eigenheiten der M\u00fcncherInnen filmisch in Szene setzt.Diese Filmperformance ist der Auftakt f\u00fcr k\u00fcnftige, weitere, kulturelle Aktionen in den Stadtvierteln.<\/p>\t\t\t\t\t\t<\/div>\n\t\t\t\t<\/div>\n\t\t\t\t\t<\/div>\n\t\t<\/div>\n\t\t\t\t\t\t\t<\/div>\n\t\t<\/section>\n\t\t\t\t\t\t\t<\/div>\n\t\t","protected":false},"excerpt":{"rendered":"<p>Die Arge FilmBeton ist ein loser Zusammenschluss von K\u00fcnstlerInnen undKunstintressierten, die je nach Projekt in wechselnder Zusammensetzung agieren. F\u00fcr das Kurzfilmfest arbeiten K\u00fcnstlerInnen aus der darstellenden und gestaltenden Kunst. Der Regisseur N.G.Neuner fahnden in den Stadtvierteln M\u00fcnchens nach den l\u00e4ngst verschwundenen Tretmienen, den unliebsamen Hinterlassenschaften, die in den B\u00fcrgerh\u00e4usern oft ungebeten Eintritt finden. Bekannte und [&hellip;]<\/p>\n","protected":false},"author":1,"featured_media":0,"parent":0,"menu_order":0,"comment_status":"closed","ping_status":"closed","template":"","meta":{"ngg_post_thumbnail":0},"_links":{"self":[{"href":"http:\/\/stadtundkunst.de\/index.php?rest_route=\/wp\/v2\/pages\/70"}],"collection":[{"href":"http:\/\/stadtundkunst.de\/index.php?rest_route=\/wp\/v2\/pages"}],"about":[{"href":"http:\/\/stadtundkunst.de\/index.php?rest_route=\/wp\/v2\/types\/page"}],"author":[{"embeddable":true,"href":"http:\/\/stadtundkunst.de\/index.php?rest_route=\/wp\/v2\/users\/1"}],"replies":[{"embeddable":true,"href":"http:\/\/stadtundkunst.de\/index.php?rest_route=%2Fwp%2Fv2%2Fcomments&post=70"}],"version-history":[{"count":24,"href":"http:\/\/stadtundkunst.de\/index.php?rest_route=\/wp\/v2\/pages\/70\/revisions"}],"predecessor-version":[{"id":617,"href":"http:\/\/stadtundkunst.de\/index.php?rest_route=\/wp\/v2\/pages\/70\/revisions\/617"}],"wp:attachment":[{"href":"http:\/\/stadtundkunst.de\/index.php?rest_route=%2Fwp%2Fv2%2Fmedia&parent=70"}],"curies":[{"name":"wp","href":"https:\/\/api.w.org\/{rel}","templated":true}]}}

<div data-elementor-type="wp-page" data-elementor-id="70" class="elementor elementor-70">
									<section class="elementor-section elementor-top-section elementor-element elementor-element-c98a967 elementor-section-boxed elementor-section-height-default elementor-section-height-default" data-id="c98a967" data-element_type="section">
						<div class="elementor-container elementor-column-gap-default">
					<div class="elementor-column elementor-col-100 elementor-top-column elementor-element elementor-element-77c056f" data-id="77c056f" data-element_type="column">
			<div class="elementor-widget-wrap elementor-element-populated">
								<div class="elementor-element elementor-element-a50cfe3 elementor-widget elementor-widget-text-editor" data-id="a50cfe3" data-element_type="widget" data-widget_type="text-editor.default">
				<div class="elementor-widget-container">
							<p>Die Arge FilmBeton ist ein loser Zusammenschluss von KünstlerInnen und<br />Kunstintressierten, die je nach Projekt in wechselnder Zusammensetzung agieren. Für das Kurzfilmfest arbeiten KünstlerInnen aus der darstellenden und gestaltenden Kunst.</p>						</div>
				</div>
					</div>
		</div>
							</div>
		</section>
				<section class="elementor-section elementor-top-section elementor-element elementor-element-931b4f3 elementor-section-boxed elementor-section-height-default elementor-section-height-default" data-id="931b4f3" data-element_type="section">
						<div class="elementor-container elementor-column-gap-default">
					<div class="elementor-column elementor-col-100 elementor-top-column elementor-element elementor-element-6f5ce3f" data-id="6f5ce3f" data-element_type="column">
			<div class="elementor-widget-wrap elementor-element-populated">
								<div class="elementor-element elementor-element-0adb83e elementor-widget elementor-widget-text-editor" data-id="0adb83e" data-element_type="widget" data-widget_type="text-editor.default">
				<div class="elementor-widget-container">
							<p>Der Regisseur N.G.Neuner fahnden in den Stadtvierteln Münchens nach den längst verschwundenen Tretmienen, den unliebsamen Hinterlassenschaften, die in den Bürgerhäusern oft ungebeten Eintritt finden. Bekannte und unbekannte Bauwerke stiften für die Filme die Projektionsflächen. Der Stadtteil wird erkundet und in den Kurzfilmen in eine Beziehung zur Stadt München gebracht. Ein starkes Format, das die Eigenheiten der MüncherInnen filmisch in Szene setzt.Diese Filmperformance ist der Auftakt für künftige, weitere, kulturelle Aktionen in den Stadtvierteln.</p>						</div>
				</div>
					</div>
		</div>
							</div>
		</section>
							</div>

<p>Die Arge FilmBeton ist ein loser Zusammenschluss von KünstlerInnen undKunstintressierten, die je nach Projekt in wechselnder Zusammensetzung agieren. Für das Kurzfilmfest arbeiten KünstlerInnen aus der darstellenden und gestaltenden Kunst. Der Regisseur N.G.Neuner fahnden in den Stadtvierteln Münchens nach den längst verschwundenen Tretmienen, den unliebsamen Hinterlassenschaften, die in den Bürgerhäusern oft ungebeten Eintritt finden. Bekannte und [&hellip;]</p>
